{"id":3,"date":"2019-10-31T18:32:30","date_gmt":"2019-10-31T18:32:30","guid":{"rendered":"https:\/\/www.miurltemporal.com/main/madisonschools.es\/?page_id=3"},"modified":"2020-01-29T19:56:24","modified_gmt":"2020-01-29T18:56:24","slug":"privacidad","status":"publish","type":"page","link":"https:\/\/www.miurltemporal.com/main/madisonschools.es\/privacidad\/","title":{"rendered":"Pol\u00edtica de Privacidad"},"content":{"rendered":"<div class=\"fusion-fullwidth fullwidth-box fusion-builder-row-1 hundred-percent-fullwidth non-hundred-percent-height-scrolling\" style=\"background-color: rgba(255,255,255,0);background-position: center center;background-repeat: no-repeat;padding-top:0px;padding-right:0px;padding-bottom:0px;padding-left:0px;margin-bottom: 0px;margin-top: 0px;border-width: 0px 0px 0px 0px;border-color:#eae9e9;border-style:solid;\" ><div class=\"fusion-builder-row fusion-row\"><div class=\"fusion-layout-column fusion_builder_column fusion-builder-column-0 fusion_builder_column_1_1 1_1 fusion-one-full fusion-column-first fusion-column-last fusion-column-no-min-height\" style=\"margin-top:0px;margin-bottom:0px;\"><div class=\"fusion-column-wrapper fusion-flex-column-wrapper-legacy\" style=\"background-position:left top;background-repeat:no-repeat;-webkit-background-size:cover;-moz-background-size:cover;-o-background-size:cover;background-size:cover;padding: 0px 0px 0px 0px;\"><div class=\"fusion-text fusion-text-1\"><p>En Madison Schools, una marca de la empresa Native Learn S.L., sabemos que le preocupa c\u00f3mo su informaci\u00f3n es utilizada y compartida en internet, y respetamos su derecho a la intimidad y a la protecci\u00f3n de su informaci\u00f3n personal. Este apartado describe nuestra Pol\u00edtica de Privacidad. Native Learn S.L. es una empresa espa\u00f1ola que ofrece diversas actividades y servicios de ense\u00f1anza de ingl\u00e9s con CIF B-86542461 (en adelante Native Learn) con sede en Calle Princesa 70, 1\u00ba, 28008 Madrid, que ha sido debidamente inscrita en la Agencia Espa\u00f1ola de Protecci\u00f3n de Datos (<a title=\"Agencia Espa\u00f1ola de Protecci\u00f3n de Datos\" href=\"http:\/\/www.agpd.es\/\" target=\"_blank\" rel=\"noopener noreferrer\">www.agpd.es<\/a>). El tratamiento de los datos personales y el env\u00edo de comunicaciones por medios electr\u00f3nicos est\u00e1n ajustados a la normativa establecida en la Ley Org\u00e1nica 15\/1999, 13 de diciembre, de Protecci\u00f3n de Datos de Car\u00e1cter Personal (B.O.E 14\/12\/1999), la Ley 34\/2002, de 11 de julio, de Servicios de la Sociedad de la Informaci\u00f3n y de Comercio Electr\u00f3nico (B.O.E. 12\/07\/2002) y el RGPD de 27 de abril de 2016. Native Learn se reserva el derecho a modificar la presente pol\u00edtica para adaptarla a novedades legislativas o jurisprudenciales as\u00ed como a pr\u00e1cticas de la industria. 1. <strong>Derecho de Informaci\u00f3n<\/strong>. Cuando el usuario decide utilizar nuestro servicio, se solicitar\u00e1n los datos estrictamente necesarios para la consecuci\u00f3n del fin al cual est\u00e1 destinado. A tales efectos se requerir\u00e1 a los usuarios facilitar datos de car\u00e1cter personal solicitados en los formularios de alta. Su tratamiento estar\u00e1 enfocado \u00fanicamente a la consecuci\u00f3n de estos fines, siempre dentro del marco normativo establecido. En el momento en que se aceptan los datos, el usuario da su consentimiento al tratamiento de los mismos, as\u00ed como, en su caso, su cesi\u00f3n a terceros para el cumplimiento del servicio. 2. <strong>Protecci\u00f3n de Datos<\/strong>. Los datos personales recogidos \u00a0ser\u00e1n objeto de tratamiento automatizado e incorporados a los correspondientes ficheros automatizados por Native Learn o de las empresas dependientes de esta, siendo \u00e9stas titular y responsable de su propio fichero. Con este objeto, Native Learn proporcionar\u00e1 a los usuarios los recursos t\u00e9cnicos adecuados para que, con car\u00e1cter previo, puedan acceder a este aviso sobre la Pol\u00edtica de Protecci\u00f3n de Datos o a cualquier otra informaci\u00f3n relevante y puedan prestar su consentimiento a fin de que Native Learn proceda al tratamiento automatizado de sus datos personales. Native Learn SL, responsable del tratamiento de sus datos de car\u00e1cter personal, le informa que conforme a lo previsto en RGPD de 27 de abril de 2016, recaba y trata sus datos de car\u00e1cter personal, aplicando las medidas t\u00e9cnicas y organizativas que estable el, presente Reglamento, con la finalidad de ofrecer los productos y servicios del Responsable, as\u00ed como enviarle cualquier tipo de comunicaci\u00f3n a trav\u00e9s de los medios designados al efecto. Usted da, como afectada\/o o interesada\/o y, titular de los datos, su consentimiento y autorizaci\u00f3n para su inclusi\u00f3n en la base de datos del Responsable. En cualquier caso, podr\u00e1 ejercitar gratuitamente los derechos de acceso, rectificaci\u00f3n, supresi\u00f3n, limitaci\u00f3n, portabilidad y oposici\u00f3n dirigi\u00e9ndose al Responsable con direcci\u00f3n PRINCESA 70, 28008 MADRID o por email a lopd@nativelearn.com indicando en la comunicaci\u00f3n referencia RGPD. 3. <strong>Recogida de datos<\/strong>. La recogida y tratamiento automatizado de los datos personales tiene como finalidad el mantenimiento de la relaci\u00f3n contractual en su caso establecida con Native Learn, la gesti\u00f3n, administraci\u00f3n, prestaci\u00f3n, ampliaci\u00f3n y mejora de los servicios en los que el usuario decida utilizar la adecuaci\u00f3n de dichos servicios a las preferencias y gustos de los usuarios, el estudio de la utilizaci\u00f3n de los servicios por parte de los usuarios, el dise\u00f1o de nuevos servicios relacionados, la selecci\u00f3n de candidatos, el env\u00edo de actualizaciones de los servicios, el env\u00edo, por medios tradicionales y electr\u00f3nicos, de informaci\u00f3n t\u00e9cnica, operativa y comercial acerca de productos y servicios ofrecidos por o a trav\u00e9s de Native Learn actualmente y en el futuro. La finalidad de la recogida y tratamiento automatizado de los datos personales incluye igualmente el env\u00edo de formularios de encuestas, que el usuario no queda obligado a contestar. El Usuario garantiza que los Datos Personales facilitados son veraces y se hace responsable de comunicar cualquier modificaci\u00f3n en los mismos. El Usuario ser\u00e1 el \u00fanico responsable de cualquier da\u00f1o o perjuicio, directo o indirecto, que pudiera ocasionar a NativeLearn o a cualquier tercero a causa de la cumplimentaci\u00f3n de los formularios con datos falsos, inexactos, incompletos o no actualizados. NativeLearn ha adoptado las medidas necesarias para evitar la alteraci\u00f3n, p\u00e9rdida, tratamiento o acceso no autorizado de los datos personales, habida cuenta en todo momento del estado de la tecnolog\u00eda, no obstante, el Usuario debe ser consciente de que las medidas de seguridad en Internet no son inexpugnables. En el caso de que deban incluirse datos de car\u00e1cter personal referentes a personas f\u00edsicas distintas de la que cumplimentan los formularios deber\u00e1, con car\u00e1cter previo a su inclusi\u00f3n informarles de los extremos contenidos en los p\u00e1rrafos anteriores. 4. <strong>Secreto profesional<\/strong>. Native Learn no revelar\u00e1 a terceras partes su nombre, direcci\u00f3n de correo electr\u00f3nico, el n\u00famero de tel\u00e9fono, ni ning\u00fan otro dato de car\u00e1cter personal sin su consentimiento previo, excepto en la medida en que sea necesario para el cumplimiento de las leyes o procedimientos legales vigentes donde tal informaci\u00f3n sea relevante o en el caso de la realizaci\u00f3n de cesiones de datos de car\u00e1cter personal con los fines previstos en la Pol\u00edtica de Privacidad de este servicio. Para garantizar que la protecci\u00f3n del secreto profesional entre Native Learn y el usuario se preserve en todas las comunicaciones, el usuario debe procurar no revelar su informaci\u00f3n confidencial a tercero alguno salvo a su Abogado, y viceversa. 5. <strong>Cookies <\/strong>NativeLearn utiliza \u201ccookies\u201d en el navegador para recordar sus preferencias, y poder prestarle el servicio. Las cookies son identificadores alfanum\u00e9ricos que se trasfieren al disco duro de su ordenador a trav\u00e9s de su navegador para poder prestarle el servicio. 6. <strong>Ejercicio de derechos de acceso, rectificaci\u00f3n, cancelaci\u00f3n y oposici\u00f3n<\/strong>.\u00a0Podr\u00e1 dirigir sus comunicaciones y ejercitar los derechos de acceso, rectificaci\u00f3n, supresi\u00f3n, limitaci\u00f3n, portabilidad y oposici\u00f3n en la direcci\u00f3n de Internet a www.nativelearn.com o bien por correo ordinario dirigido a NATIVE LEARN, SL, Ref. RGPD, en CALLE PRINCESA 70, 1\u00ba, MADRID, 28008 o a la direcci\u00f3n info@nativelearn.com. Para ejercer dichos derechos es necesario que usted acredite su personalidad frente a NATIVE LEARN, SL mediante el env\u00edo de fotocopia de Documento Nacional de Identidad o cualquier otro medio v\u00e1lido en Derecho. 7. <strong>Confidencialidad y Protecci\u00f3n de Datos<\/strong>. A efecto de lo previsto en RGPD de 27 de abril de 2016, NATIVE LEARN, SL informa al Usuario de la existencia de un tratamiento automatizado de datos de car\u00e1cter personal creado por y para NATIVE LEARN, SL y bajo su responsabilidad, con la finalidad de realizar el mantenimiento y gesti\u00f3n de la relaci\u00f3n con el Usuario, as\u00ed como las labores de informaci\u00f3n. En el momento de la aceptaci\u00f3n de las presentes condiciones generales, NATIVE LEARN, SL precisar\u00e1 del Usuario la recogida de unos datos imprescindibles para la prestaci\u00f3n de sus servicios. 8. <strong>Registro de ficheros y formularios.<\/strong> La cumplimentaci\u00f3n del formulario de registro es obligatoria para acceder y disfrutar de determinados servicios ofrecidos. El no facilitar los datos personales solicitados o el no aceptar la presente pol\u00edtica de protecci\u00f3n de datos supone la imposibilidad de suscribirse, registrarse o participar en cualquiera de las promociones en las que se soliciten datos car\u00e1cter personal. A efecto de lo previsto en RGPD de 27 de abril de 2016, le informamos que los datos personales que se obtengan como consecuencia de su registro como Usuario, ser\u00e1n incorporados a un fichero titularidad de NATIVE LEARN, SL con C.I.F B86542461 y domicilio en CALLE PRINCESA 70, 1\u00ba, MADRID, 28008, teniendo implementadas las medidas de seguridad establecidas en el Real Decreto 1720\/2007, de 11 de junio. 9. <strong>Exactitud y veracidad de los datos facilitados.<\/strong> El Usuario es el \u00fanico responsable de la veracidad y correcci\u00f3n de los datos incluidos, exoner\u00e1ndose NATIVE LEARN, SL de cualquier responsabilidad al respecto. Los usuarios garantizan y responden, en cualquier caso, de la exactitud, vigencia y autenticidad de los datos personales facilitados, y se comprometen a mantenerlos debidamente actualizados. El usuario acepta proporcionar informaci\u00f3n completa y correcta en el formulario de registro o suscripci\u00f3n. NATIVE LEARN, SL no responde de la veracidad de las informaciones que no sean de elaboraci\u00f3n propia y de las que se indique otra fuente, por lo que tampoco asume responsabilidad alguna en cuanto a hipot\u00e9ticos perjuicios que pudieran originarse por el uso de dicha informaci\u00f3n. NATIVE LEARN, SL se reserva el derecho a actualizar, modificar o eliminar la informaci\u00f3n contenida en sus p\u00e1ginas web pudiendo incluso limitar o no permitir el acceso a dicha informaci\u00f3n. Se exonera a NATIVE LEARN, SL de responsabilidad ante cualquier da\u00f1o o perjuicio que pudiera sufrir el Usuario como consecuencia de errores, defectos u omisiones, en la informaci\u00f3n facilitada por NATIVE LEARN, SL siempre que proceda de fuentes ajenas a NATIVE LEARN, SL. <strong>10. Medidas de seguridad\u00a0<\/strong>NATIVE LEARN, SL ha adoptado los niveles de seguridad de protecci\u00f3n de los Datos Personales legalmente requeridos, y procuran instalar aquellos otros medios y medidas t\u00e9cnicas adicionales a su alcance para evitar la p\u00e9rdida, mal uso, alteraci\u00f3n, acceso no autorizado y robo de los Datos Personales facilitados a NATIVE LEARN, SL no ser\u00e1 responsable de posibles da\u00f1os o perjuicios que se pudieran derivar de interferencias, omisiones, interrupciones, virus inform\u00e1ticos, aver\u00edas telef\u00f3nicas o desconexiones en el funcionamiento operativo de este sistema electr\u00f3nico, motivadas por causas ajenas a NATIVE LEARN, SL; de retrasos o bloqueos en el uso del presente sistema electr\u00f3nico causados por deficiencias o sobrecargas de l\u00edneas telef\u00f3nicas o sobrecargas en el Centro de Procesos de Datos, en el sistema de Internet o en otros sistemas electr\u00f3nicos, as\u00ed como de da\u00f1os que puedan ser causados por terceras personas mediante intromisiones ileg\u00edtimas fuera del control de NATIVE LEARN, SL. Ello, no obstante, el Usuario debe ser consciente de que las medidas de seguridad en Internet no son inexpugnables. <strong>11. Finalidades y Cesi\u00f3n de datos a terceros\u00a0<\/strong>Las finalidades de SERVILINFOR, SL son el mantenimiento y gesti\u00f3n de la relaci\u00f3n con el Usuario, as\u00ed como las labores de informaci\u00f3n. NATIVE LEARN, SL no realizar\u00e1 cesi\u00f3n de datos de los usuarios a terceros. En el supuesto que algunos de nuestros servicios vayan dirigidos espec\u00edficamente a menores de edad, NATIVE LEARN, SL solicitar\u00e1 la conformidad de los padres o tutores para la recogida de los datos personales o, en su caso, para el tratamiento automatizado de los datos. <strong>12. Aceptaci\u00f3n y consentimiento\u00a0<\/strong>El usuario declara haber sido informado de las condiciones sobre protecci\u00f3n de datos personales, aceptando y consintiendo el tratamiento automatizado de los mismos por parte de NATIVE LEARN, SL, en la forma y para las finalidades indicadas en la presente Pol\u00edtica de Protecci\u00f3n de Datos Personales. Ciertos servicios prestados en el Portal pueden contener condiciones particulares con previsiones espec\u00edficas en materia de protecci\u00f3n de Datos Personales. <a title=\"Examenes Cambridge\" href=\"http:\/\/www.cambridgeenglish.org\/es\/\" target=\"_blank\" rel=\"noopener noreferrer\"><img decoding=\"async\" class=\"alignnone size-full wp-image-633 lazyload\" data-src=\"http:\/\/www.nativelearn.com\/wp-content\/uploads\/2012\/08\/Cambridge-Preparation-Centre_square_NativeLearn.jpg\" alt=\"Cambridge-Preparation-Centre_square_NativeLearn\" width=\"240\" height=\"153\" src=\"data:image\/svg+xml;base64,PHN2ZyB3aWR0aD0iMSIgaGVpZ2h0PSIxIiB4bWxucz0iaHR0cDovL3d3dy53My5vcmcvMjAwMC9zdmciPjwvc3ZnPg==\" style=\"--smush-placeholder-width: 240px; --smush-placeholder-aspect-ratio: 240\/153;\" \/><\/a><a title=\"TESOL\" href=\"http:\/\/www.tesol-spain.org\/\" target=\"_blank\" rel=\"noopener noreferrer\"><img decoding=\"async\" class=\"alignnone wp-image-221 lazyload\" title=\"tesol-spain\" data-src=\"http:\/\/www.nativelearn.com\/wp-content\/uploads\/2012\/08\/tesol-spain.jpg\" alt=\"\" width=\"240\" height=\"80\" src=\"data:image\/svg+xml;base64,PHN2ZyB3aWR0aD0iMSIgaGVpZ2h0PSIxIiB4bWxucz0iaHR0cDovL3d3dy53My5vcmcvMjAwMC9zdmciPjwvc3ZnPg==\" style=\"--smush-placeholder-width: 240px; --smush-placeholder-aspect-ratio: 240\/80;\" \/><\/a><a title=\"Red.es\" href=\"http:\/\/www.red.es\" target=\"_blank\" rel=\"noopener noreferrer\"><img decoding=\"async\" class=\"alignnone size-full wp-image-222 lazyload\" title=\"redes\" data-src=\"http:\/\/www.nativelearn.com\/wp-content\/uploads\/2012\/08\/redes.jpg\" alt=\"\" width=\"187\" height=\"73\" src=\"data:image\/svg+xml;base64,PHN2ZyB3aWR0aD0iMSIgaGVpZ2h0PSIxIiB4bWxucz0iaHR0cDovL3d3dy53My5vcmcvMjAwMC9zdmciPjwvc3ZnPg==\" style=\"--smush-placeholder-width: 187px; --smush-placeholder-aspect-ratio: 187\/73;\" \/><\/a><a title=\"Ministerio de Empleo y Seguridad Social\" href=\"http:\/\/www.empleo.gob.es\" target=\"_blank\" rel=\"noopener noreferrer\"><img decoding=\"async\" class=\"alignnone size-full wp-image-223 lazyload\" title=\"ministerio\" data-src=\"http:\/\/www.nativelearn.com\/wp-content\/uploads\/2012\/08\/ministerio.jpg\" alt=\"\" width=\"187\" height=\"73\" src=\"data:image\/svg+xml;base64,PHN2ZyB3aWR0aD0iMSIgaGVpZ2h0PSIxIiB4bWxucz0iaHR0cDovL3d3dy53My5vcmcvMjAwMC9zdmciPjwvc3ZnPg==\" style=\"--smush-placeholder-width: 187px; --smush-placeholder-aspect-ratio: 187\/73;\" \/><\/a><\/p>\n<\/div><div class=\"fusion-clearfix\"><\/div><\/div><\/div><\/div><style type=\"text\/css\">.fusion-fullwidth.fusion-builder-row-1 { overflow:visible; }<\/style><\/div>\n","protected":false},"excerpt":{"rendered":"","protected":false},"author":1,"featured_media":0,"parent":0,"menu_order":0,"comment_status":"closed","ping_status":"open","template":"","meta":{"footnotes":""},"class_list":["post-3","page","type-page","status-publish","hentry"],"_links":{"self":[{"href":"https:\/\/www.miurltemporal.com/main/madisonschools.es\/wp-json\/wp\/v2\/pages\/3","targetHints":{"allow":["GET"]}}],"collection":[{"href":"https:\/\/www.miurltemporal.com/main/madisonschools.es\/wp-json\/wp\/v2\/pages"}],"about":[{"href":"https:\/\/www.miurltemporal.com/main/madisonschools.es\/wp-json\/wp\/v2\/types\/page"}],"author":[{"embeddable":true,"href":"https:\/\/www.miurltemporal.com/main/madisonschools.es\/wp-json\/wp\/v2\/users\/1"}],"replies":[{"embeddable":true,"href":"https:\/\/www.miurltemporal.com/main/madisonschools.es\/wp-json\/wp\/v2\/comments?post=3"}],"version-history":[{"count":2,"href":"https:\/\/www.miurltemporal.com/main/madisonschools.es\/wp-json\/wp\/v2\/pages\/3\/revisions"}],"predecessor-version":[{"id":986,"href":"https:\/\/www.miurltemporal.com/main/madisonschools.es\/wp-json\/wp\/v2\/pages\/3\/revisions\/986"}],"wp:attachment":[{"href":"https:\/\/www.miurltemporal.com/main/madisonschools.es\/wp-json\/wp\/v2\/media?parent=3"}],"curies":[{"name":"wp","href":"https:\/\/api.w.org\/{rel}","templated":true}]}}